{"id":9926,"date":"2023-07-12T13:09:39","date_gmt":"2023-07-12T13:09:39","guid":{"rendered":"http:\/\/www.aksiselektronik.com\/?post_type=product&#038;p=9926"},"modified":"2023-07-12T13:17:16","modified_gmt":"2023-07-12T13:17:16","slug":"granding-sc103","status":"publish","type":"product","link":"http:\/\/www.aksiselektronik.com\/?product=granding-sc103","title":{"rendered":"Granding SC103"},"content":{"rendered":"<div class=\"row mb-4\">\n<div class=\"col\">\n<div class=\"tab-container\">\n<div id=\"tab-content2\" class=\"tab-content active\">\n<table width=\"100%\">\n<table class=\"table-border product-info table table-striped\">\n<tbody>\n<tr>\n<td colspan=\"2\"><strong>Granding SC103 \u00a0Teknik \u00d6zellikler<\/strong><\/td>\n<\/tr>\n<tr>\n<td width=\"31%\" height=\"21\"><strong>Model<\/strong><\/td>\n<td width=\"69%\">SC103<\/td>\n<\/tr>\n<tr>\n<td><strong>Parmak \u0130zi Kapasite<\/strong><\/td>\n<td>Yok<\/td>\n<\/tr>\n<tr>\n<td><strong>Y\u00fcz Tarama Kapasite<\/strong><\/td>\n<td>Yok<\/td>\n<\/tr>\n<tr>\n<td><strong>Kart Okuma Kapasite<\/strong><\/td>\n<td>30.000<\/td>\n<\/tr>\n<tr>\n<td><strong>Sesli Uyar\u0131<\/strong><\/td>\n<td>Var<\/td>\n<\/tr>\n<tr>\n<td height=\"24\"><strong>Dil<\/strong><\/td>\n<td>T\u00fcrk\u00e7e<\/td>\n<\/tr>\n<tr>\n<td><strong>R\u00f6le \u00c7\u0131k\u0131\u015f\u0131<\/strong><\/td>\n<td>Var<\/td>\n<\/tr>\n<tr>\n<td><strong>Ba\u011flant\u0131 Tipi<\/strong><\/td>\n<td>Tcp\/ip<\/td>\n<\/tr>\n<tr>\n<td><strong>Lcd Ekran<\/strong><\/td>\n<td>Var<\/td>\n<\/tr>\n<tr>\n<td><strong>Boyutlar (mm)<\/strong><\/td>\n<td>125\/95\/45<\/td>\n<\/tr>\n<tr>\n<td><strong>Do\u011frulama H\u0131z\u0131 Sn<\/strong><\/td>\n<td>0.5<\/td>\n<\/tr>\n<tr>\n<td><strong>Tan\u0131tma H\u0131z\u0131 Sn<\/strong><\/td>\n<td>1<\/td>\n<\/tr>\n<tr>\n<td><strong>\u00c7al\u0131\u015fma<\/strong> Voltaj\u0131<\/td>\n<td>12 V<\/td>\n<\/tr>\n<tr>\n<td><strong>\u0130\u015flemci<\/strong><\/td>\n<td>Linux<\/td>\n<\/tr>\n<tr>\n<td><strong>Sens\u00f6r<\/strong><\/td>\n<td>Zem 800<\/td>\n<\/tr>\n<tr>\n<td><strong>Log Kapasitesi<\/strong><\/td>\n<td>100.000<\/td>\n<\/tr>\n<tr>\n<td height=\"22\"><strong>TFT Dokunmatik Ekran<\/strong><\/td>\n<td>Yok<\/td>\n<\/tr>\n<\/tbody>\n<\/table>\n<\/div>\n<\/div>\n<\/div>\n<\/div>\n","protected":false},"excerpt":{"rendered":"<div class=\"row mb-4\">\n<div class=\"col\">\n<div class=\"tab-container\">\n<div id=\"tab-content2\" class=\"tab-content active\">\n<table class=\"table-border product-info table table-striped\">\n<tbody>\n<tr>\n<td><strong>Marka<\/strong><\/td>\n<td>Granding<\/td>\n<\/tr>\n<tr>\n<td><strong>Model<\/strong><\/td>\n<td>SC103<\/td>\n<\/tr>\n<\/tbody>\n<\/table>\n<\/div>\n<\/div>\n<\/div>\n<\/div>\n","protected":false},"featured_media":9934,"comment_status":"closed","ping_status":"closed","template":"","meta":[],"product_cat":[52,57],"product_tag":[],"_links":{"self":[{"href":"http:\/\/www.aksiselektronik.com\/index.php?rest_route=\/wp\/v2\/product\/9926"}],"collection":[{"href":"http:\/\/www.aksiselektronik.com\/index.php?rest_route=\/wp\/v2\/product"}],"about":[{"href":"http:\/\/www.aksiselektronik.com\/index.php?rest_route=\/wp\/v2\/types\/product"}],"replies":[{"embeddable":true,"href":"http:\/\/www.aksiselektronik.com\/index.php?rest_route=%2Fwp%2Fv2%2Fcomments&post=9926"}],"wp:featuredmedia":[{"embeddable":true,"href":"http:\/\/www.aksiselektronik.com\/index.php?rest_route=\/wp\/v2\/media\/9934"}],"wp:attachment":[{"href":"http:\/\/www.aksiselektronik.com\/index.php?rest_route=%2Fwp%2Fv2%2Fmedia&parent=9926"}],"wp:term":[{"taxonomy":"product_cat","embeddable":true,"href":"http:\/\/www.aksiselektronik.com\/index.php?rest_route=%2Fwp%2Fv2%2Fproduct_cat&post=9926"},{"taxonomy":"product_tag","embeddable":true,"href":"http:\/\/www.aksiselektronik.com\/index.php?rest_route=%2Fwp%2Fv2%2Fproduct_tag&post=9926"}],"curies":[{"name":"wp","href":"https:\/\/api.w.org\/{rel}","templated":true}]}}