{"id":9909,"date":"2023-07-12T12:00:22","date_gmt":"2023-07-12T12:00:22","guid":{"rendered":"http:\/\/www.aksiselektronik.com\/?post_type=product&#038;p=9909"},"modified":"2023-07-12T12:24:55","modified_gmt":"2023-07-12T12:24:55","slug":"idata-t1-android-el-terminali-gsm-4g-lte","status":"publish","type":"product","link":"http:\/\/www.aksiselektronik.com\/?product=idata-t1-android-el-terminali-gsm-4g-lte","title":{"rendered":"\u0130DATA T1 ANDRO\u0130D EL TERM\u0130NAL\u0130 &#8211; GSM (4G LTE )"},"content":{"rendered":"<div class=\"row mb-4\">\n<div class=\"col\">\n<div class=\"tab-container\">\n<div id=\"tab-content2\" class=\"tab-content active\">\n<table class=\"table-border product-info table table-striped\">\n<tbody>\n<tr>\n<td colspan=\"2\"><strong>\u0130DATA T1 ANDRO\u0130D EL TERM\u0130NAL\u0130 &#8211; GSM (4G LTE )<\/strong><\/td>\n<\/tr>\n<tr>\n<td><strong>\u0130\u015fletim Sistemi<\/strong><\/td>\n<td>Android 10<\/td>\n<\/tr>\n<tr>\n<td><strong>\u0130\u015flemci<\/strong><\/td>\n<td>Sekiz \u00e7ekirdekli 2.0GHz y\u00fcksek performansl\u0131 i\u015flemci<\/td>\n<\/tr>\n<tr>\n<td><strong>Bellek (ROM+RAM)<\/strong><\/td>\n<td>16GB + 2GB (Standart), 64GB + 4GB (Opsiyonel)<\/td>\n<\/tr>\n<tr>\n<td><strong>SIM<\/strong><\/td>\n<td>GSM (4G LTE)<\/td>\n<\/tr>\n<tr>\n<td><strong>Ekran Boyutu<\/strong><\/td>\n<td>5.5 in\u00e7 (1440X720) Ekran<\/td>\n<\/tr>\n<tr>\n<td><strong>Barkod Tipi<\/strong><\/td>\n<td>1D\/2D (Karekod Okuyucu)<\/td>\n<\/tr>\n<tr>\n<td><strong>Batarya<\/strong><\/td>\n<td>3.8 V 5000 mAh Batarya<\/td>\n<\/tr>\n<tr>\n<td><strong>D\u00fc\u015fme Dayan\u0131m\u0131<\/strong><\/td>\n<td>IP68 Koruma 1.5 Metreden D\u00fc\u015fmeye Dayan\u0131kl\u0131<\/td>\n<\/tr>\n<tr>\n<td><strong style=\"font-family: inherit; font-size: inherit;\">Bluetooth<\/strong><\/td>\n<td>5.0<\/td>\n<\/tr>\n<tr>\n<td><strong>\u00d6n\/Arka Kamera<\/strong><\/td>\n<td>5Mp\/13Mp<\/td>\n<\/tr>\n<\/tbody>\n<\/table>\n<\/div>\n<\/div>\n<\/div>\n<\/div>\n","protected":false},"excerpt":{"rendered":"<div class=\"row mb-4\">\n<div class=\"col\">\n<div class=\"tab-container\">\n<div id=\"tab-content2\" class=\"tab-content active\">\n<table class=\"table-border product-info table table-striped\">\n<tbody>\n<tr>\n<td><strong>Marka<\/strong><\/td>\n<td>Idata<\/td>\n<\/tr>\n<tr>\n<td><strong>Model<\/strong><\/td>\n<td>\n<div class=\"product-list-row\">\n<div class=\"product-list-content\">IDATA T1 GSM<\/div>\n<\/div>\n<\/td>\n<\/tr>\n<\/tbody>\n<\/table>\n<\/div>\n<\/div>\n<\/div>\n<\/div>\n","protected":false},"featured_media":9914,"comment_status":"closed","ping_status":"closed","template":"","meta":[],"product_cat":[52,55],"product_tag":[],"_links":{"self":[{"href":"http:\/\/www.aksiselektronik.com\/index.php?rest_route=\/wp\/v2\/product\/9909"}],"collection":[{"href":"http:\/\/www.aksiselektronik.com\/index.php?rest_route=\/wp\/v2\/product"}],"about":[{"href":"http:\/\/www.aksiselektronik.com\/index.php?rest_route=\/wp\/v2\/types\/product"}],"replies":[{"embeddable":true,"href":"http:\/\/www.aksiselektronik.com\/index.php?rest_route=%2Fwp%2Fv2%2Fcomments&post=9909"}],"wp:featuredmedia":[{"embeddable":true,"href":"http:\/\/www.aksiselektronik.com\/index.php?rest_route=\/wp\/v2\/media\/9914"}],"wp:attachment":[{"href":"http:\/\/www.aksiselektronik.com\/index.php?rest_route=%2Fwp%2Fv2%2Fmedia&parent=9909"}],"wp:term":[{"taxonomy":"product_cat","embeddable":true,"href":"http:\/\/www.aksiselektronik.com\/index.php?rest_route=%2Fwp%2Fv2%2Fproduct_cat&post=9909"},{"taxonomy":"product_tag","embeddable":true,"href":"http:\/\/www.aksiselektronik.com\/index.php?rest_route=%2Fwp%2Fv2%2Fproduct_tag&post=9909"}],"curies":[{"name":"wp","href":"https:\/\/api.w.org\/{rel}","templated":true}]}}