{"id":9901,"date":"2023-07-12T09:16:07","date_gmt":"2023-07-12T09:16:07","guid":{"rendered":"http:\/\/www.aksiselektronik.com\/?post_type=product&#038;p=9901"},"modified":"2023-07-12T09:19:12","modified_gmt":"2023-07-12T09:19:12","slug":"disc-ds5","status":"publish","type":"product","link":"http:\/\/www.aksiselektronik.com\/?product=disc-ds5","title":{"rendered":"DISC &#8211; DS5"},"content":{"rendered":"<div class=\"row mb-4\">\n<div class=\"col\">\n<div class=\"tab-container\">\n<div id=\"tab-content2\" class=\"tab-content active\">\n<table class=\"table-border product-info table table-striped\">\n<tbody>\n<tr>\n<td colspan=\"2\"><strong>DISC &#8211; DS5<\/strong><\/td>\n<\/tr>\n<tr>\n<td><strong>\u0130\u015fletim Sistemi<\/strong><\/td>\n<td>Windows EH 6.5 \/ Windows CE 6.0<\/td>\n<\/tr>\n<tr>\n<td><strong>\u0130\u015flemci<\/strong><\/td>\n<td>ARM Cortex A8 1Ghz processor<\/td>\n<\/tr>\n<tr>\n<td><strong>Bellek (ROM+RAM)<\/strong><\/td>\n<td>512 MB RAM \/ 1 GB ROM memory<\/td>\n<\/tr>\n<tr>\n<td><strong>Ekran Boyutu<\/strong><\/td>\n<td>3,5 VGA or QVGA color display<\/td>\n<\/tr>\n<tr>\n<td><strong>Barkod Tipi<\/strong><\/td>\n<td>Scanner Laser 1D and Imager 2D<\/td>\n<\/tr>\n<tr>\n<td><strong>Batarya<\/strong><\/td>\n<td>5000 mAh Batarya<\/td>\n<\/tr>\n<tr>\n<td><strong>D\u00fc\u015fme Dayan\u0131m\u0131<\/strong><\/td>\n<td>\u00a0IP65 \u20131,8 m d\u00fc\u015fme dayan\u0131kl\u0131l\u0131\u011f\u0131<\/td>\n<\/tr>\n<tr>\n<td><strong style=\"font-family: inherit; font-size: inherit;\">Bluetooth<\/strong><\/td>\n<td>5.0<\/td>\n<\/tr>\n<tr>\n<td><strong>\u00d6n\/Arka Kamera<\/strong><\/td>\n<td>5MP autofocus camera<\/td>\n<\/tr>\n<\/tbody>\n<\/table>\n<\/div>\n<\/div>\n<\/div>\n<\/div>\n","protected":false},"excerpt":{"rendered":"<div class=\"row mb-4\">\n<div class=\"col\">\n<div class=\"tab-container\">\n<div id=\"tab-content2\" class=\"tab-content active\">\n<table class=\"table-border product-info table table-striped\">\n<tbody>\n<tr>\n<td><strong>Marka<\/strong><\/td>\n<td>DISC<\/td>\n<\/tr>\n<tr>\n<td><strong>Model<\/strong><\/td>\n<td>DS5<\/td>\n<\/tr>\n<\/tbody>\n<\/table>\n<\/div>\n<\/div>\n<\/div>\n<\/div>\n","protected":false},"featured_media":9902,"comment_status":"closed","ping_status":"closed","template":"","meta":[],"product_cat":[52,55],"product_tag":[],"_links":{"self":[{"href":"http:\/\/www.aksiselektronik.com\/index.php?rest_route=\/wp\/v2\/product\/9901"}],"collection":[{"href":"http:\/\/www.aksiselektronik.com\/index.php?rest_route=\/wp\/v2\/product"}],"about":[{"href":"http:\/\/www.aksiselektronik.com\/index.php?rest_route=\/wp\/v2\/types\/product"}],"replies":[{"embeddable":true,"href":"http:\/\/www.aksiselektronik.com\/index.php?rest_route=%2Fwp%2Fv2%2Fcomments&post=9901"}],"wp:featuredmedia":[{"embeddable":true,"href":"http:\/\/www.aksiselektronik.com\/index.php?rest_route=\/wp\/v2\/media\/9902"}],"wp:attachment":[{"href":"http:\/\/www.aksiselektronik.com\/index.php?rest_route=%2Fwp%2Fv2%2Fmedia&parent=9901"}],"wp:term":[{"taxonomy":"product_cat","embeddable":true,"href":"http:\/\/www.aksiselektronik.com\/index.php?rest_route=%2Fwp%2Fv2%2Fproduct_cat&post=9901"},{"taxonomy":"product_tag","embeddable":true,"href":"http:\/\/www.aksiselektronik.com\/index.php?rest_route=%2Fwp%2Fv2%2Fproduct_tag&post=9901"}],"curies":[{"name":"wp","href":"https:\/\/api.w.org\/{rel}","templated":true}]}}