{"id":9899,"date":"2023-07-12T08:45:46","date_gmt":"2023-07-12T08:45:46","guid":{"rendered":"http:\/\/www.aksiselektronik.com\/?post_type=product&#038;p=9899"},"modified":"2023-07-12T08:47:49","modified_gmt":"2023-07-12T08:47:49","slug":"dsic-ds-4-el-terminal","status":"publish","type":"product","link":"http:\/\/www.aksiselektronik.com\/?product=dsic-ds-4-el-terminal","title":{"rendered":"DSIC DS 4 EL TERM\u0130NAL"},"content":{"rendered":"<div class=\"row mb-4\">\n<div class=\"col\">\n<div class=\"tab-container\">\n<div id=\"tab-content2\" class=\"tab-content active\">\n<table class=\"table-border product-info table table-striped\">\n<tbody>\n<tr>\n<td colspan=\"2\"><strong>DSIC DS 4 EL TERM\u0130NAL<\/strong><\/td>\n<\/tr>\n<tr>\n<td><strong>\u0130\u015fletim Sistemi<\/strong><\/td>\n<td>Windows CE 6.0 i\u015fletim sistemi<\/td>\n<\/tr>\n<tr>\n<td><strong>\u0130\u015flemci<\/strong><\/td>\n<td>ARM Cortex A8 1Ghz processor<\/td>\n<\/tr>\n<tr>\n<td><strong>Bellek (ROM+RAM)<\/strong><\/td>\n<td>512 MB RAM \/ 1 GB ROM memory<\/td>\n<\/tr>\n<tr>\n<td><strong>Ekran Boyutu<\/strong><\/td>\n<td>3.5 inch, 240*320 \/ 480*640<\/td>\n<\/tr>\n<tr>\n<td><strong>Barkod Tipi<\/strong><\/td>\n<td>\u00a0Lazer<\/td>\n<\/tr>\n<tr>\n<td><strong>Batarya<\/strong><\/td>\n<td>\u00a04000 mAh<\/td>\n<\/tr>\n<tr>\n<td><strong>D\u00fc\u015fme Dayan\u0131m\u0131<\/strong><\/td>\n<td>IP65\u00a0 1.8 Metre<\/td>\n<\/tr>\n<tr>\n<td><strong style=\"font-family: inherit; font-size: inherit;\">Bluetooth<\/strong><\/td>\n<td>Wlan802.11 a-b-g, GSM\/GPRS\/EDGE opsiyonel<\/td>\n<\/tr>\n<tr>\n<td><strong>\u00d6n\/Arka Kamera<\/strong><\/td>\n<td>5MP<\/td>\n<\/tr>\n<\/tbody>\n<\/table>\n<\/div>\n<\/div>\n<\/div>\n<\/div>\n","protected":false},"excerpt":{"rendered":"<div class=\"row mb-4\">\n<div class=\"col\">\n<div class=\"tab-container\">\n<div id=\"tab-content2\" class=\"tab-content active\">\n<table class=\"table-border product-info table table-striped\">\n<tbody>\n<tr>\n<td><strong>Marka<\/strong><\/td>\n<td>DISC<\/td>\n<\/tr>\n<tr>\n<td><strong>Model<\/strong><\/td>\n<td>DS4<\/td>\n<\/tr>\n<\/tbody>\n<\/table>\n<\/div>\n<\/div>\n<\/div>\n<\/div>\n","protected":false},"featured_media":9900,"comment_status":"closed","ping_status":"closed","template":"","meta":[],"product_cat":[52,55],"product_tag":[],"_links":{"self":[{"href":"http:\/\/www.aksiselektronik.com\/index.php?rest_route=\/wp\/v2\/product\/9899"}],"collection":[{"href":"http:\/\/www.aksiselektronik.com\/index.php?rest_route=\/wp\/v2\/product"}],"about":[{"href":"http:\/\/www.aksiselektronik.com\/index.php?rest_route=\/wp\/v2\/types\/product"}],"replies":[{"embeddable":true,"href":"http:\/\/www.aksiselektronik.com\/index.php?rest_route=%2Fwp%2Fv2%2Fcomments&post=9899"}],"wp:featuredmedia":[{"embeddable":true,"href":"http:\/\/www.aksiselektronik.com\/index.php?rest_route=\/wp\/v2\/media\/9900"}],"wp:attachment":[{"href":"http:\/\/www.aksiselektronik.com\/index.php?rest_route=%2Fwp%2Fv2%2Fmedia&parent=9899"}],"wp:term":[{"taxonomy":"product_cat","embeddable":true,"href":"http:\/\/www.aksiselektronik.com\/index.php?rest_route=%2Fwp%2Fv2%2Fproduct_cat&post=9899"},{"taxonomy":"product_tag","embeddable":true,"href":"http:\/\/www.aksiselektronik.com\/index.php?rest_route=%2Fwp%2Fv2%2Fproduct_tag&post=9899"}],"curies":[{"name":"wp","href":"https:\/\/api.w.org\/{rel}","templated":true}]}}