{"id":9876,"date":"2023-07-11T09:22:58","date_gmt":"2023-07-11T09:22:58","guid":{"rendered":"http:\/\/www.aksiselektronik.com\/?post_type=product&#038;p=9876"},"modified":"2023-07-11T09:23:00","modified_gmt":"2023-07-11T09:23:00","slug":"perkon-ps4300","status":"publish","type":"product","link":"http:\/\/www.aksiselektronik.com\/?product=perkon-ps4300","title":{"rendered":"Perkon PS4300"},"content":{"rendered":"<div class=\"row mb-4\">\n<div class=\"col\">\n<div class=\"tab-container\">\n<div id=\"tab-content2\" class=\"tab-content active\">\n<table class=\"table-border product-info table table-striped\">\n<tbody>\n<tr>\n<td colspan=\"2\"><strong>Perkon PS4300 2D Teknik \u00d6zellikler<\/strong><\/td>\n<\/tr>\n<tr>\n<td><strong>Teknoloji<\/strong><\/td>\n<td>Imager<\/td>\n<\/tr>\n<tr>\n<td><strong>I\u015f\u0131k Kayna\u011f\u0131<\/strong><\/td>\n<td>650 nm G\u00f6r\u00fclebilir Lazer Diyot<\/td>\n<\/tr>\n<tr>\n<td><strong>Renk G\u00f6stergeleri<\/strong><\/td>\n<td>Renkli LED g\u00f6sterge<\/td>\n<\/tr>\n<tr>\n<td><strong>A\u011f\u0131rl\u0131k (Kablosuz)<\/strong><\/td>\n<td>563g(ayak ve kablo hari\u00e7) 832g (ayak ve kablo dahil)<\/td>\n<\/tr>\n<tr>\n<td><strong>Okuma Derinli\u011fi<\/strong><\/td>\n<td>22 cm&#8217;ye kadar<\/td>\n<\/tr>\n<tr>\n<td><strong>Okuma Sesi<\/strong><\/td>\n<td>Sesli uyar\u0131<\/td>\n<\/tr>\n<tr>\n<td><strong>Kablo Uzunlu\u011fu<\/strong><\/td>\n<td>2 metre<\/td>\n<\/tr>\n<tr>\n<td><strong>Ba\u011flant\u0131<\/strong><\/td>\n<td>Keyboard Wedge,RS232,USB HID,USB COM<\/td>\n<\/tr>\n<tr>\n<td><strong>Standart<\/strong><\/td>\n<td>IEC, CE, FCC Doc<\/td>\n<\/tr>\n<tr>\n<td><strong>Toz-Su Koruma<\/strong><\/td>\n<td>IP52<\/td>\n<\/tr>\n<tr>\n<td><strong>\u00c7al\u0131\u015fma S\u0131cakl\u0131\u011f\u0131<\/strong><\/td>\n<td>0\u00b0C ~ 50\u00b0 C<\/td>\n<\/tr>\n<tr>\n<td><strong>Tarama A\u00e7\u0131s\u0131<\/strong><\/td>\n<td>60\u00b0<\/td>\n<\/tr>\n<tr>\n<td><strong>\u00c7al\u0131\u015fma Nemi<\/strong><\/td>\n<td>%5 &#8211; %95<\/td>\n<\/tr>\n<tr>\n<td><strong>D\u00fc\u015fme Dayan\u0131m\u0131<\/strong><\/td>\n<td>1.5 metre<\/td>\n<\/tr>\n<tr>\n<td><strong>\u00c7al\u0131\u015fmada Harcanan G\u00fc\u00e7<\/strong><\/td>\n<td>0.40 W, Maks. 5 W<\/td>\n<\/tr>\n<tr>\n<td><strong>Sens\u00f6r \u0130le Alg\u0131lama<\/strong><\/td>\n<td>Mevcut<\/td>\n<\/tr>\n<\/tbody>\n<\/table>\n<\/div>\n<\/div>\n<\/div>\n<\/div>\n","protected":false},"excerpt":{"rendered":"<div class=\"row mb-4\">\n<div class=\"col\">\n<div class=\"tab-container\">\n<div id=\"tab-content2\" class=\"tab-content active\">\n<table class=\"table-border product-info table table-striped\">\n<tbody>\n<tr>\n<td><strong>Marka<\/strong><\/td>\n<td>Perkon<\/td>\n<\/tr>\n<tr>\n<td><strong>Model<\/strong><\/td>\n<td>PS4300<\/td>\n<\/tr>\n<\/tbody>\n<\/table>\n<\/div>\n<\/div>\n<\/div>\n<\/div>\n","protected":false},"featured_media":9877,"comment_status":"closed","ping_status":"closed","template":"","meta":[],"product_cat":[52,59],"product_tag":[60],"_links":{"self":[{"href":"http:\/\/www.aksiselektronik.com\/index.php?rest_route=\/wp\/v2\/product\/9876"}],"collection":[{"href":"http:\/\/www.aksiselektronik.com\/index.php?rest_route=\/wp\/v2\/product"}],"about":[{"href":"http:\/\/www.aksiselektronik.com\/index.php?rest_route=\/wp\/v2\/types\/product"}],"replies":[{"embeddable":true,"href":"http:\/\/www.aksiselektronik.com\/index.php?rest_route=%2Fwp%2Fv2%2Fcomments&post=9876"}],"wp:featuredmedia":[{"embeddable":true,"href":"http:\/\/www.aksiselektronik.com\/index.php?rest_route=\/wp\/v2\/media\/9877"}],"wp:attachment":[{"href":"http:\/\/www.aksiselektronik.com\/index.php?rest_route=%2Fwp%2Fv2%2Fmedia&parent=9876"}],"wp:term":[{"taxonomy":"product_cat","embeddable":true,"href":"http:\/\/www.aksiselektronik.com\/index.php?rest_route=%2Fwp%2Fv2%2Fproduct_cat&post=9876"},{"taxonomy":"product_tag","embeddable":true,"href":"http:\/\/www.aksiselektronik.com\/index.php?rest_route=%2Fwp%2Fv2%2Fproduct_tag&post=9876"}],"curies":[{"name":"wp","href":"https:\/\/api.w.org\/{rel}","templated":true}]}}